Give d(13).
8
Let q = -15 - -21. Let a be 30/8 - q/8. Let y(m) = -3 - 4*m - 2*m**2 + 4 + 0*m**2 + 5*m**2 - m**3. What is y(a)?
-11
Let h(y) = y**3 - 5*y**2 + 2*y + 4. Suppose -i + o + 6 = -3*o, 0 = 2*i + 5*o - 12. Let t be (5/i)/(52/24 - 2). Give h(t).
14
Let t(u) = -11*u**3 + 7*u**2 - 2*u + 11. Let v(w) = 12*w**3 - 8*w**2 + 2*w - 13. Let q(p) = -6*t(p) - 5*v(p). Determine q(1).
5
Let q(k) = -k**2 + 5*k + 7. Let p = -21 + 23. Suppose -d = 3*d + z - 18, 0 = -5*d + 5*z + 35. Suppose -d*b + p = -28. Give q(b).
1
Let c(z) = -2*z**2 + 8*z + 2. Let f(i) = -3*i**2 + 8*i + 2. Let r(h) = -4*c(h) + 3*f(h). What is r(-5)?
13
Let h(i) = i**2 + 6*i - 1. Let y be h(-7). Let p(f) = 4*f - 15. Let d be p(5). Let s(c) = 4*c**2 - d*c + 2 - y*c**2 + 3*c**2. Give s(3).
-4
Let n(x) = 4*x**2 - 19*x + 25. Let h(k) = 7*k. Let w be h(1). Let y(t) = -3*t**2 + 13*t - 17. Let b(q) = w*y(q) + 5*n(q). Determine b(-5).
1
Suppose 9 = 2*p - 11. Let g = p - 8. Let l be (4 + -2)/(g/(-1)). Let j(q) = -13*q**2 - q - 1. Calculate j(l).
-13
Let m(p) = p**2 + 8*p + 7. Suppose 9*i - 4*i = -20. Let b be (-135)/18*i/6. Suppose 0*v - 18 = 2*c - 4*v, v - 36 = b*c. Calculate m(c).
0
Let b(t) = 2 - t + 2*t + 4*t. Suppose -5*z + 4 = 2*u - 22, -2*z + 6 = 3*u. Let w be (z/12 - (-10)/(-4)) + 0. Give b(w).
-8
Let x(w) = 27*w**2 + 12*w - 10 - 25*w**2 - w**3 + 5*w**2. Determine x(8).
22
Let d(x) = 2*x - 16. Let b be d(9). Let h(j) be the third derivative of -j**6/240 + j**4/6 - 8*j**2. Let w(m) be the second derivative of h(m). What is w(b)?
-6
Let o(s) = -9526 + 4*s**2 + 10*s - 3*s**2 + 9535. Calculate o(-7).
-12
Let n(z) be the third derivative of -z**6/120 + z**4/12 + z**3/6 - 7*z**2 + 5*z. Determine n(3).
-20
Let s(k) = 5 + 3*k - 3 - 8 - 3*k**2 + k**3. Let t be s(5). Let u(f) = 4*f - 60 - f**2 - 2*f + t. Calculate u(2).
-1
Let h(p) be the second derivative of p**4/12 - 5*p**3/6 - 17*p**2/2 - 148*p. What is h(8)?
7
Let f(l) = -l**2 - 51*l + 30. Let t(m) = 2*m**2 + 152*m - 95. Let h(v) = 8*f(v) + 3*t(v). Calculate h(23).
1
Let l be -8 + -85 - (-1)/((-2)/(-4)). Let n = -86 - l. Let b(f) = 0 + 2*f**3 + 2 - 3*f**3 + 5*f**2. Determine b(n).
2
Let b(i) be the second derivative of -i**8/6720 - i**7/360 - 7*i**6/720 - i**5/120 - 17*i**4/12 - 58*i. Let t(z) be the third derivative of b(z). What is t(-6)?
5
Let w(k) be the first derivative of k**3 - k + 27*k**2 - 27*k**2 + 11. What is w(1)?
2
Suppose 6*d - b + 8 + 56 = 0, 5*d - b + 52 = 0. Let k(j) be the first derivative of -j**3/3 - 13*j**2/2 - 15*j + 1. Calculate k(d).
-3
Let w(z) = z + 2. Let t be w(-1). Let b be (t - -1)*(-2)/((-8)/6). Let m(l) = -l**2 + 4*l. Calculate m(b).
3
Let i be 2 + 0 + 1 + 4. Let c(l) = -4*l + 23. Let m be c(i). Let q(t) = t**3 + 6*t**2 + 2*t + 2. What is q(m)?
17
Let w(q) = 0*q - 4 + 3*q**2 + 0*q + q + 6. Determine w(-1).
4
Let p(y) = y**2 - 12*y + 18. Let g be p(10). Let v be -1 - -3 - g/1. Let s(w) = v*w - w**3 - 3*w**2 - 2*w**2 + 2*w**3 - 10*w - 6. Give s(6).
-6
Let j(i) = i**2 - 10*i + 3. Let c(y) = 8*y - 46. Let d be c(7). What is j(d)?
3
Let b(v) be the second derivative of v**4/12 + 7*v**3/6 - 6*v**2 - 8*v - 11. Give b(-7).
-12
Let u(l) = -l**2 - 14*l + 32. Let f be u(-15). Let p = -9 - 3. Let v = p + f. Let i(s) = s**2 - 8*s + 6. Give i(v).
-9
Let t(w) = -2*w - 3. Suppose -28*s - 198 = -50*s. Determine t(s).
-21
Let t = -4 + 29. Suppose 0 = z - 2*s + 6, 5*z + 0*s = 5*s - t. Let q(i) = -3 - 1 + 0 + 5 - 2*i. What is q(z)?
9
Suppose 3*w = -3, -4*o - w = -0*o + 29. Let b(f) = f**2 + 7*f + 7. Calculate b(o).
7
Let q(h) be the first derivative of 5/2*h**2 - 9 + 1/3*h**3 + 3*h. Suppose 3 + 3 = -2*o. What is q(o)?
-3
Suppose 16*x - 15 = -15. Let s(p) = -4*p + 8. Calculate s(x).
8
Let v(q) = 25*q - q**3 - 13*q - 10*q - 4*q**2 - 4. What is v(-4)?
-12
Let h(l) = 6*l**2 - 3*l. Suppose -16*q = -7*q - 54. Let k be 4/(1 - 2/4). Suppose -q*f + k*f = 4. What is h(f)?
18
Let h = -54 - -60. Let g(i) = 5 - 5 + i - h - 4. Give g(8).
-2
Let z(v) = 116 + 133 - 230 - 2*v + 6*v - 5*v. Give z(8).
11
Let t(b) = b**2 - 7*b + 9. Let n be t(5). Let j(x) = 6*x - 4*x**2 + 8*x + x**2 - 13*x. Give j(n).
-4
Suppose -5*q + 0*q - 40 = -5*r, -5*r = 5*q. Let s(a) = 6*a + 3. Determine s(r).
27
Let v be 252/(-864) + (-3)/(-8). Let r(x) be the second derivative of x**3 - v*x**4 - 2*x**2 + 0 + x. Calculate r(5).
1
Let u(y) = y + 4. Let d(f) = 3*f**2 + 28*f + 42. Let t be d(-2). Give u(t).
2
Let d(c) = -30*c**2 + 9*c + 62*c**2 + 15 - 31*c**2. What is d(-7)?
1
Suppose -3*s - 12 = s. Let c(f) be the first derivative of 3*f - 8 + 2*f**2 + 2/3*f**3. Calculate c(s).
9
Let w(a) be the second derivative of -1/60*a**5 + a**2 + 0 + 0*a**4 + 1/3*a**3 + 2*a. Let c(m) be the first derivative of w(m). Give c(0).
2
Let p(j) = j**2 - j + 1. Let u(n) = n**3 - 2*n**2 - 9*n + 3. Let a(k) = -2*p(k) + u(k). Suppose 227 = 17*z + 142. Determine a(z).
-9
Let h(z) be the second derivative of -z**4/12 - z**3/6 + z**2 - 94*z. Give h(6).
-40
Let v(c) = -16*c + 3. Let i be v(2). Let u = 35 + i. Let d be (16/u)/(18/27). Let z(m) = m**3 - 3*m**2 - 4*m + 1. What is z(d)?
1
Let x(b) = -b**3 - b**2 + 2. Let i(t) = t**3 + 5*t**2 - 2*t - 12. Let f be i(-5). Let u be (f - -9) + (-2)/(-2). Let r be (-33)/(-12) + (-6)/u. Determine x(r).
-10
Let x(l) = l**3 + 5*l**2 - 7*l. Let n = 16 + -13. Suppose n = -5*f - 7. Let p be f/(-2) + (-49)/7. Give x(p).
6
Let q(h) = -14*h + 37. Let l(d) = 5*d - 13. Let n(o) = 17*l(o) + 6*q(o). Calculate n(1).
2
Let y = 63 + -61. Let w(t) = 2*t**2 - 3*t. Give w(y).
2
Let t(a) = a**3 - 4*a**2 - 6*a + 7. Let f be t(5). Let x(r) = 31*r + 1 - 27*r + r**f - 2*r**2. Suppose -7 = -5*y + 8. Calculate x(y).
4
Let b = -19 - -11. Let z = -95 - -98. Let h(l) = -z - 11 + 0 - l + 2. Calculate h(b).
-4
Let r(p) = p**3 + 5*p**2 + p - 6. Let b(q) = 3*q**3 + 16*q**2 + 4*q - 19. Let m(w) = -2*b(w) + 7*r(w). Let c be 3*-1*(-4)/(-3). Let t = -7 - c. Determine m(t).
-1
Suppose -2*a - 2 = 40. Let s = a - -21. Let u(l) = l**2 - l - 3. Give u(s).
-3
Suppose 5*c + 15 + 5 = 3*m, -5*c = m. Let d(g) = m*g - 3*g + 0*g + 2 - g**2. Give d(-2).
-6
Let h(g) = -g**3 + 7*g**2 - g - 8. Let l be (-112)/392 + (-102)/(-14). What is h(l)?
-15
Let r(n) = 2*n**2 - 4*n + 1. Let o = 7 + -16. Suppose 3*t = -v + 12 - 46, -t - 6 = 3*v. Let d = o - t. Determine r(d).
7
Suppose 10*d + 12 = -b + 5*d, 3*d = 5*b - 24. Let s(a) be the first derivative of -4*a - 11 - 5/2*a**2 + 1/3*a**b. Give s(6).
2
Let g(l) = -2*l**2 + 10*l - 7. Suppose -50*a + 41*a + 54 = 0. Give g(a).
-19
Let m be 4/(-36) + 572/(-117). Let i(b) = -b**2 - 5*b + 2. What is i(m)?
2
Let v be (2/12)/((-1)/(-6)). Let c(m) = v - 6*m**2 + 5*m**2 - 1. Calculate c(0).
0
Suppose 0 = -51*p + 23*p - 50 - 34. Let s(k) = k**3 + 4*k**2 - 3*k + 1. Let q(i) = 2*i**3 + 8*i**2 - 5*i + 2. Let o(g) = 4*q(g) - 7*s(g). What is o(p)?
7
Let a(c) = c - 4. Let o(v) = v**3 + 24*v**2 + 24*v + 27. Let m be o(-23). What is a(m)?
0
Suppose -9*i + 22 = -11*i - 2*a, 0 = -4*i - a - 44. Let s(z) = -z**3 - 10*z**2 + 14*z + 2. Calculate s(i).
-31
Let l(n) be the first derivative of n**5/20 - n**4/12 - 5*n**3/6 + 2*n**2 + 9*n - 24. Let c(q) be the first derivative of l(q). Calculate c(3).
7
Let q(d) = d**3 + 7*d**2 + 4*d + 20. Suppose 0 = 2*v - 2*x - 35 + 45, 2*v = -4*x - 22. Calculate q(v).
-8
Let d(u) = -u**2 - 6*u + 3. Suppose 4*v + 80*r - 78*r + 30 = 0, -v = -r + 9. Calculate d(v).
-13
Let h(p) = p - 3 - 2 - 9. Let a be -1*(-1 - (3 + -4)). Suppose -2*l - s + 10 = a, 2*l + 3*s - 6 = s. Give h(l).
-7
Let i(b) = -b**3 - 6*b**2 + 3*b. Let d(m) = -2*m**3 - 13*m**2 + 6*m + 1. Let t(g) = 3*d(g) - 7*i(g). Suppose 2*u - 2*h = -0*u - 12, 3*u - 5*h = -24. Give t(u).
12
Let g be 189/(-231) + 2/(-11). Let r(o) be the third derivative of -o**5/60 - o**4/12 - o**3/6 - o**2. Determine r(g).
0
Let h(b) = -5*b**2 + 3*b - 4. Let c(n) = 49*n - 395. Let a be c(8). Calculate h(a).
-58
Let u(j) = j**2 - j + 3. Let i(t) = -t**2 - t - 4. Let f(m) = -3*i(m) - 2*u(m). Calculate f(-4).
2
Let w(a) = -3*a + 3. Let k(q) = 8*q - 8. Let l(j) = 5*k(j) + 14*w(j). Let u be l(2). Let h(p) = p**2 + p + 2. What is h(u)?
4
Let o(k) = -k**2 - 6*k - 1. Suppose 5*y - 293 = 4*u, 2*u + 216 = -u + 5*y. Let z be u/15 - 4/(-30). Give o(z).
4
Let r(o) be the third derivative of o**5/60 + o**4/12 - 3*o**3/2 + 4*o**2 - 18*o. Give r(